{"id":5562,"date":"2017-02-18T08:27:14","date_gmt":"2017-02-18T08:27:14","guid":{"rendered":"http:\/\/themebubble.com\/demo\/magplus\/?page_id=36"},"modified":"2026-04-12T23:49:19","modified_gmt":"2026-04-13T05:49:19","slug":"home-3","status":"publish","type":"page","link":"https:\/\/ivector.xyz\/vectores\/home-3\/","title":{"rendered":"Home"},"content":{"rendered":"<p>[vc_row][vc_column][rs_section_heading style=\u00bbstyle3&#8243; heading=\u00bbEating Tips\u00bb primary_border_color=\u00bb#e1e1e1&#8243; secondary_border_color=\u00bb#e1e1e1&#8243; text_color=\u00bb#111111&#8243;][rs_weekly_7_blog][rs_section_heading style=\u00bbstyle3&#8243; heading=\u00bbTop Articles\u00bb primary_border_color=\u00bb#e1e1e1&#8243; secondary_border_color=\u00bb#e1e1e1&#8243; text_color=\u00bb#111111&#8243;][rs_hand_picked_blog post_per_page=\u00bb4&#8243;][rs_space lg_device=\u00bb30&#8243; md_device=\u00bb\u00bb sm_device=\u00bb15&#8243; xs_device=\u00bb\u00bb][rs_section_heading style=\u00bbstyle3&#8243; heading=\u00bbLatest News\u00bb primary_border_color=\u00bb#e1e1e1&#8243; secondary_border_color=\u00bb#e1e1e1&#8243; text_color=\u00bb#111111&#8243;][rs_recent_news post_per_page=\u00bb4&#8243;][\/vc_column][\/vc_row]<\/p>\n","protected":false},"excerpt":{"rendered":"<p>[vc_row][vc_column][rs_section_heading style=\u00bbstyle3&#8243; heading=\u00bbEating Tips\u00bb primary_border_color=\u00bb#e1e1e1&#8243; secondary_border_color=\u00bb#e1e1e1&#8243; text_color=\u00bb#111111&#8243;][rs_weekly_7_blog][rs_section_heading style=\u00bbstyle3&#8243; heading=\u00bbTop Articles\u00bb primary_border_color=\u00bb#e1e1e1&#8243; secondary_border_color=\u00bb#e1e1e1&#8243; text_color=\u00bb#111111&#8243;][rs_hand_picked_blog post_per_page=\u00bb4&#8243;][rs_space lg_device=\u00bb30&#8243; md_device=\u00bb\u00bb sm_device=\u00bb15&#8243; xs_device=\u00bb\u00bb][rs_section_heading style=\u00bbstyle3&#8243; heading=\u00bbLatest News\u00bb primary_border_color=\u00bb#e1e1e1&#8243; secondary_border_color=\u00bb#e1e1e1&#8243; text_color=\u00bb#111111&#8243;][rs_recent_news post_per_page=\u00bb4&#8243;][\/vc_column][\/vc_row]<\/p>\n","protected":false},"author":1,"featured_media":0,"parent":0,"menu_order":0,"comment_status":"closed","ping_status":"closed","template":"","meta":{"pmpro_default_level":"","jetpack_post_was_ever_published":false,"footnotes":""},"class_list":["post-5562","page","type-page","status-publish","hentry","pmpro-has-access"],"yoast_head":"<!-- This site is optimized with the Yoast SEO plugin v27.4 - https:\/\/yoast.com\/product\/yoast-seo-wordpress\/ -->\n<title>Home - Ivector Plantillas<\/title>\n<meta name=\"robots\" content=\"index, follow, max-snippet:-1, max-image-preview:large, max-video-preview:-1\" \/>\n<link rel=\"canonical\" href=\"https:\/\/ivector.xyz\/vectores\/home-3\/\" \/>\n<meta property=\"og:locale\" content=\"es_ES\" \/>\n<meta property=\"og:type\" content=\"article\" \/>\n<meta property=\"og:title\" content=\"Home - Ivector Plantillas\" \/>\n<meta property=\"og:description\" content=\"[vc_row][vc_column][rs_section_heading style=\u00bbstyle3&#8243; heading=\u00bbEating Tips\u00bb primary_border_color=\u00bb#e1e1e1&#8243; secondary_border_color=\u00bb#e1e1e1&#8243; text_color=\u00bb#111111&#8243;][rs_weekly_7_blog][rs_section_heading style=\u00bbstyle3&#8243; heading=\u00bbTop Articles\u00bb primary_border_color=\u00bb#e1e1e1&#8243; secondary_border_color=\u00bb#e1e1e1&#8243; text_color=\u00bb#111111&#8243;][rs_hand_picked_blog post_per_page=\u00bb4&#8243;][rs_space lg_device=\u00bb30&#8243; md_device=\u00bb\u00bb sm_device=\u00bb15&#8243; xs_device=\u00bb\u00bb][rs_section_heading style=\u00bbstyle3&#8243; heading=\u00bbLatest News\u00bb primary_border_color=\u00bb#e1e1e1&#8243; secondary_border_color=\u00bb#e1e1e1&#8243; text_color=\u00bb#111111&#8243;][rs_recent_news post_per_page=\u00bb4&#8243;][\/vc_column][\/vc_row]\" \/>\n<meta property=\"og:url\" content=\"https:\/\/ivector.xyz\/vectores\/home-3\/\" \/>\n<meta property=\"og:site_name\" content=\"Ivector Plantillas\" \/>\n<meta property=\"article:publisher\" content=\"https:\/\/www.facebook.com\/Ivector.online\" \/>\n<meta property=\"article:modified_time\" content=\"2026-04-13T05:49:19+00:00\" \/>\n<meta property=\"og:image\" content=\"https:\/\/i0.wp.com\/ivector.xyz\/vectores\/wp-content\/uploads\/logo-ivector-01.png?fit=1181%2C1181&ssl=1\" \/>\n\t<meta property=\"og:image:width\" content=\"1181\" \/>\n\t<meta property=\"og:image:height\" content=\"1181\" \/>\n\t<meta property=\"og:image:type\" content=\"image\/png\" \/>\n<meta name=\"twitter:card\" content=\"summary_large_image\" \/>\n<meta name=\"twitter:label1\" content=\"Tiempo de lectura\" \/>\n\t<meta name=\"twitter:data1\" content=\"1 minuto\" \/>\n<script type=\"application\/ld+json\" class=\"yoast-schema-graph\">{\"@context\":\"https:\\\/\\\/schema.org\",\"@graph\":[{\"@type\":\"WebPage\",\"@id\":\"https:\\\/\\\/ivector.xyz\\\/vectores\\\/home-3\\\/\",\"url\":\"https:\\\/\\\/ivector.xyz\\\/vectores\\\/home-3\\\/\",\"name\":\"Home - Ivector Plantillas\",\"isPartOf\":{\"@id\":\"https:\\\/\\\/ivector.xyz\\\/vectores\\\/#website\"},\"datePublished\":\"2017-02-18T08:27:14+00:00\",\"dateModified\":\"2026-04-13T05:49:19+00:00\",\"breadcrumb\":{\"@id\":\"https:\\\/\\\/ivector.xyz\\\/vectores\\\/home-3\\\/#breadcrumb\"},\"inLanguage\":\"es\",\"potentialAction\":[{\"@type\":\"ReadAction\",\"target\":[\"https:\\\/\\\/ivector.xyz\\\/vectores\\\/home-3\\\/\"]}]},{\"@type\":\"BreadcrumbList\",\"@id\":\"https:\\\/\\\/ivector.xyz\\\/vectores\\\/home-3\\\/#breadcrumb\",\"itemListElement\":[{\"@type\":\"ListItem\",\"position\":1,\"name\":\"Portada\",\"item\":\"https:\\\/\\\/ivector.xyz\\\/vectores\\\/\"},{\"@type\":\"ListItem\",\"position\":2,\"name\":\"Home\"}]},{\"@type\":\"WebSite\",\"@id\":\"https:\\\/\\\/ivector.xyz\\\/vectores\\\/#website\",\"url\":\"https:\\\/\\\/ivector.xyz\\\/vectores\\\/\",\"name\":\"Vectores, plantillas y recursos premium\",\"description\":\"Pack de vectores, dise\u00f1os y Plantillas para dtf, impresi\u00f3n, corte vinil y estampados\",\"publisher\":{\"@id\":\"https:\\\/\\\/ivector.xyz\\\/vectores\\\/#organization\"},\"alternateName\":\"ivector xyz\",\"potentialAction\":[{\"@type\":\"SearchAction\",\"target\":{\"@type\":\"EntryPoint\",\"urlTemplate\":\"https:\\\/\\\/ivector.xyz\\\/vectores\\\/?s={search_term_string}\"},\"query-input\":{\"@type\":\"PropertyValueSpecification\",\"valueRequired\":true,\"valueName\":\"search_term_string\"}}],\"inLanguage\":\"es\"},{\"@type\":\"Organization\",\"@id\":\"https:\\\/\\\/ivector.xyz\\\/vectores\\\/#organization\",\"name\":\"Ivector xyz\",\"alternateName\":\"Dise\u00f1ador de vectores\",\"url\":\"https:\\\/\\\/ivector.xyz\\\/vectores\\\/\",\"logo\":{\"@type\":\"ImageObject\",\"inLanguage\":\"es\",\"@id\":\"https:\\\/\\\/ivector.xyz\\\/vectores\\\/#\\\/schema\\\/logo\\\/image\\\/\",\"url\":\"https:\\\/\\\/i0.wp.com\\\/ivector.xyz\\\/vectores\\\/wp-content\\\/uploads\\\/2020\\\/05\\\/cropped-cropped-ivector-logo-01-e1668708926252-1.png?fit=190%2C190&ssl=1\",\"contentUrl\":\"https:\\\/\\\/i0.wp.com\\\/ivector.xyz\\\/vectores\\\/wp-content\\\/uploads\\\/2020\\\/05\\\/cropped-cropped-ivector-logo-01-e1668708926252-1.png?fit=190%2C190&ssl=1\",\"width\":190,\"height\":190,\"caption\":\"Ivector xyz\"},\"image\":{\"@id\":\"https:\\\/\\\/ivector.xyz\\\/vectores\\\/#\\\/schema\\\/logo\\\/image\\\/\"},\"sameAs\":[\"https:\\\/\\\/www.facebook.com\\\/Ivector.online\",\"https:\\\/\\\/mx.pinterest.com\\\/wwwivectormx\"]}]}<\/script>\n<!-- \/ Yoast SEO plugin. -->","yoast_head_json":{"title":"Home - Ivector Plantillas","robots":{"index":"index","follow":"follow","max-snippet":"max-snippet:-1","max-image-preview":"max-image-preview:large","max-video-preview":"max-video-preview:-1"},"canonical":"https:\/\/ivector.xyz\/vectores\/home-3\/","og_locale":"es_ES","og_type":"article","og_title":"Home - Ivector Plantillas","og_description":"[vc_row][vc_column][rs_section_heading style=\u00bbstyle3&#8243; heading=\u00bbEating Tips\u00bb primary_border_color=\u00bb#e1e1e1&#8243; secondary_border_color=\u00bb#e1e1e1&#8243; text_color=\u00bb#111111&#8243;][rs_weekly_7_blog][rs_section_heading style=\u00bbstyle3&#8243; heading=\u00bbTop Articles\u00bb primary_border_color=\u00bb#e1e1e1&#8243; secondary_border_color=\u00bb#e1e1e1&#8243; text_color=\u00bb#111111&#8243;][rs_hand_picked_blog post_per_page=\u00bb4&#8243;][rs_space lg_device=\u00bb30&#8243; md_device=\u00bb\u00bb sm_device=\u00bb15&#8243; xs_device=\u00bb\u00bb][rs_section_heading style=\u00bbstyle3&#8243; heading=\u00bbLatest News\u00bb primary_border_color=\u00bb#e1e1e1&#8243; secondary_border_color=\u00bb#e1e1e1&#8243; text_color=\u00bb#111111&#8243;][rs_recent_news post_per_page=\u00bb4&#8243;][\/vc_column][\/vc_row]","og_url":"https:\/\/ivector.xyz\/vectores\/home-3\/","og_site_name":"Ivector Plantillas","article_publisher":"https:\/\/www.facebook.com\/Ivector.online","article_modified_time":"2026-04-13T05:49:19+00:00","og_image":[{"width":1181,"height":1181,"url":"https:\/\/i0.wp.com\/ivector.xyz\/vectores\/wp-content\/uploads\/logo-ivector-01.png?fit=1181%2C1181&ssl=1","type":"image\/png"}],"twitter_card":"summary_large_image","twitter_misc":{"Tiempo de lectura":"1 minuto"},"schema":{"@context":"https:\/\/schema.org","@graph":[{"@type":"WebPage","@id":"https:\/\/ivector.xyz\/vectores\/home-3\/","url":"https:\/\/ivector.xyz\/vectores\/home-3\/","name":"Home - Ivector Plantillas","isPartOf":{"@id":"https:\/\/ivector.xyz\/vectores\/#website"},"datePublished":"2017-02-18T08:27:14+00:00","dateModified":"2026-04-13T05:49:19+00:00","breadcrumb":{"@id":"https:\/\/ivector.xyz\/vectores\/home-3\/#breadcrumb"},"inLanguage":"es","potentialAction":[{"@type":"ReadAction","target":["https:\/\/ivector.xyz\/vectores\/home-3\/"]}]},{"@type":"BreadcrumbList","@id":"https:\/\/ivector.xyz\/vectores\/home-3\/#breadcrumb","itemListElement":[{"@type":"ListItem","position":1,"name":"Portada","item":"https:\/\/ivector.xyz\/vectores\/"},{"@type":"ListItem","position":2,"name":"Home"}]},{"@type":"WebSite","@id":"https:\/\/ivector.xyz\/vectores\/#website","url":"https:\/\/ivector.xyz\/vectores\/","name":"Vectores, plantillas y recursos premium","description":"Pack de vectores, dise\u00f1os y Plantillas para dtf, impresi\u00f3n, corte vinil y estampados","publisher":{"@id":"https:\/\/ivector.xyz\/vectores\/#organization"},"alternateName":"ivector xyz","potentialAction":[{"@type":"SearchAction","target":{"@type":"EntryPoint","urlTemplate":"https:\/\/ivector.xyz\/vectores\/?s={search_term_string}"},"query-input":{"@type":"PropertyValueSpecification","valueRequired":true,"valueName":"search_term_string"}}],"inLanguage":"es"},{"@type":"Organization","@id":"https:\/\/ivector.xyz\/vectores\/#organization","name":"Ivector xyz","alternateName":"Dise\u00f1ador de vectores","url":"https:\/\/ivector.xyz\/vectores\/","logo":{"@type":"ImageObject","inLanguage":"es","@id":"https:\/\/ivector.xyz\/vectores\/#\/schema\/logo\/image\/","url":"https:\/\/i0.wp.com\/ivector.xyz\/vectores\/wp-content\/uploads\/2020\/05\/cropped-cropped-ivector-logo-01-e1668708926252-1.png?fit=190%2C190&ssl=1","contentUrl":"https:\/\/i0.wp.com\/ivector.xyz\/vectores\/wp-content\/uploads\/2020\/05\/cropped-cropped-ivector-logo-01-e1668708926252-1.png?fit=190%2C190&ssl=1","width":190,"height":190,"caption":"Ivector xyz"},"image":{"@id":"https:\/\/ivector.xyz\/vectores\/#\/schema\/logo\/image\/"},"sameAs":["https:\/\/www.facebook.com\/Ivector.online","https:\/\/mx.pinterest.com\/wwwivectormx"]}]}},"jetpack_sharing_enabled":true,"jetpack-related-posts":[{"id":18630,"url":"https:\/\/ivector.xyz\/vectores\/niveles-de-membresia\/","url_meta":{"origin":5562,"position":0},"title":"NIVELES DE MEMBRES\u00cdA","author":"PP_4lme1D4","date":"24 de noviembre de 2022","format":false,"excerpt":"DESCARGA TODO EL CONTENIDO [pmpro_levels] VECTOR DE EJEMPLO DESCARGAR GRATIS Encuentra y descarga los vectores m\u00e1s populares de Archivos Dtf e Im\u00e1genes de gran calidad Para proyectos creativos, sin l\u00edmite de descarga. 1.- Con tu suscripci\u00f3n se activar\u00e1 un bot\u00f3n de descarga en cada dise\u00f1o. 2.- Vectores completamente editables en\u2026","rel":"","context":"Entrada similar","block_context":{"text":"Entrada similar","link":""},"img":{"alt_text":"","src":"https:\/\/i0.wp.com\/ivector.xyz\/vectores\/wp-content\/uploads\/ANATOMY-CHAMELEON-LETRAS-NEGRAS_Mesa-de-trabajo-1.jpg?resize=350%2C200","width":350,"height":200,"srcset":"https:\/\/i0.wp.com\/ivector.xyz\/vectores\/wp-content\/uploads\/ANATOMY-CHAMELEON-LETRAS-NEGRAS_Mesa-de-trabajo-1.jpg?resize=350%2C200 1x, https:\/\/i0.wp.com\/ivector.xyz\/vectores\/wp-content\/uploads\/ANATOMY-CHAMELEON-LETRAS-NEGRAS_Mesa-de-trabajo-1.jpg?resize=525%2C300 1.5x, https:\/\/i0.wp.com\/ivector.xyz\/vectores\/wp-content\/uploads\/ANATOMY-CHAMELEON-LETRAS-NEGRAS_Mesa-de-trabajo-1.jpg?resize=700%2C400 2x"},"classes":[]},{"id":3779,"url":"https:\/\/ivector.xyz\/vectores\/como-editar-un-vector\/","url_meta":{"origin":5562,"position":1},"title":"EDITAR VECTORES","author":"PP_4lme1D4","date":"21 de octubre de 2020","format":false,"excerpt":"Se puede usar en camisetas, sudaderas con capucha, tazas, carteles y cualquier otra mercanc\u00eda. \u00bfC\u00f3mo editar un vector de Ivector? En primer lugar, para editar un vector es necesario utilizar un software de edici\u00f3n de vectores espec\u00edfico, como Adobe Illustrator, que es el programa est\u00e1ndar de la industria. Hay otros\u2026","rel":"","context":"Entrada similar","block_context":{"text":"Entrada similar","link":""},"img":{"alt_text":"","src":"","width":0,"height":0},"classes":[]},{"id":24357,"url":"https:\/\/ivector.xyz\/vectores\/politica-de-privacidad\/","url_meta":{"origin":5562,"position":2},"title":"Pol\u00edtica de Privacidad","author":"PP_4lme1D4","date":"29 de noviembre de 2023","format":false,"excerpt":"Pol\u00edtica de Privacidad Noviembre de 2023 En cumplimiento del Reglamento (UE) 2016\/679 de 27 de abril de 2016, (en adelante,\u00a0\u201cRGPD\u201d), y de la Ley Org\u00e1nica 3\/2018, de 5 de diciembre, de Protecci\u00f3n de Datos Personales y garant\u00eda de los derechos digitales (en adelante,\u00a0\"LOPDgdd\"), se te facilita la siguiente informaci\u00f3n sobre\u2026","rel":"","context":"Entrada similar","block_context":{"text":"Entrada similar","link":""},"img":{"alt_text":"","src":"","width":0,"height":0},"classes":[]}],"_links":{"self":[{"href":"https:\/\/ivector.xyz\/vectores\/wp-json\/wp\/v2\/pages\/5562","targetHints":{"allow":["GET"]}}],"collection":[{"href":"https:\/\/ivector.xyz\/vectores\/wp-json\/wp\/v2\/pages"}],"about":[{"href":"https:\/\/ivector.xyz\/vectores\/wp-json\/wp\/v2\/types\/page"}],"author":[{"embeddable":true,"href":"https:\/\/ivector.xyz\/vectores\/wp-json\/wp\/v2\/users\/1"}],"replies":[{"embeddable":true,"href":"https:\/\/ivector.xyz\/vectores\/wp-json\/wp\/v2\/comments?post=5562"}],"version-history":[{"count":1,"href":"https:\/\/ivector.xyz\/vectores\/wp-json\/wp\/v2\/pages\/5562\/revisions"}],"predecessor-version":[{"id":38839,"href":"https:\/\/ivector.xyz\/vectores\/wp-json\/wp\/v2\/pages\/5562\/revisions\/38839"}],"wp:attachment":[{"href":"https:\/\/ivector.xyz\/vectores\/wp-json\/wp\/v2\/media?parent=5562"}],"curies":[{"name":"wp","href":"https:\/\/api.w.org\/{rel}","templated":true}]}}