{"id":28257,"date":"2024-07-05T13:02:36","date_gmt":"2024-07-05T19:02:36","guid":{"rendered":"https:\/\/ivector.xyz\/public\/?post_type=product&#038;p=28257"},"modified":"2024-07-05T14:50:03","modified_gmt":"2024-07-05T20:50:03","slug":"suscripcion-1-mes","status":"publish","type":"product","link":"https:\/\/ivector.xyz\/vectores\/producto\/suscripcion-1-mes\/","title":{"rendered":"SUSCRIPCI\u00d3N 1 MES"},"content":{"rendered":"<p>Acceso a Todas las Descargas<br \/>\n90 D\u00edas de descargas ilimitadas<br \/>\nMockups<br \/>\nLa renovaci\u00f3n no es autom\u00e1tica<br \/>\nCualquier detalle env\u00edanos un whatsapp<\/p>\n","protected":false},"excerpt":{"rendered":"<p>Acceso a Todas las Descargas<br \/>\n90 D\u00edas de descargas ilimitadas<br \/>\nMockups<br \/>\nLa renovaci\u00f3n no es autom\u00e1tica<br \/>\nCualquier detalle env\u00edanos un whatsapp<\/p>\n","protected":false},"featured_media":28250,"comment_status":"open","ping_status":"closed","template":"","meta":{"pmpro_default_level":"","jetpack_post_was_ever_published":false,"jetpack_publicize_message":"","jetpack_publicize_feature_enabled":true,"jetpack_social_post_already_shared":true,"jetpack_social_options":{"image_generator_settings":{"template":"highway","default_image_id":0,"font":"","enabled":false},"version":2}},"product_brand":[],"product_cat":[292],"product_tag":[],"class_list":{"0":"post-28257","1":"product","2":"type-product","3":"status-publish","4":"has-post-thumbnail","6":"product_cat-vectores","7":"pmpro-has-access","9":"first","10":"instock","11":"virtual","12":"purchasable","13":"product-type-simple"},"yoast_head":"<!-- This site is optimized with the Yoast SEO plugin v27.4 - https:\/\/yoast.com\/product\/yoast-seo-wordpress\/ -->\n<title>SUSCRIPCI\u00d3N 1 MES - Ivector Plantillas<\/title>\n<meta name=\"robots\" content=\"index, follow, max-snippet:-1, max-image-preview:large, max-video-preview:-1\" \/>\n<link rel=\"canonical\" href=\"https:\/\/ivector.xyz\/vectores\/producto\/suscripcion-1-mes\/\" \/>\n<meta property=\"og:locale\" content=\"es_ES\" \/>\n<meta property=\"og:type\" content=\"article\" \/>\n<meta property=\"og:title\" content=\"SUSCRIPCI\u00d3N 1 MES - Ivector Plantillas\" \/>\n<meta property=\"og:description\" content=\"Acceso a Todas las Descargas 90 D\u00edas de descargas ilimitadas Mockups La renovaci\u00f3n no es autom\u00e1tica Cualquier detalle env\u00edanos un whatsapp\" \/>\n<meta property=\"og:url\" content=\"https:\/\/ivector.xyz\/vectores\/producto\/suscripcion-1-mes\/\" \/>\n<meta property=\"og:site_name\" content=\"Ivector Plantillas\" \/>\n<meta property=\"article:publisher\" content=\"https:\/\/www.facebook.com\/Ivector.online\" \/>\n<meta property=\"article:modified_time\" content=\"2024-07-05T20:50:03+00:00\" \/>\n<meta property=\"og:image\" content=\"https:\/\/i0.wp.com\/ivector.xyz\/vectores\/wp-content\/uploads\/SUSCRUP_IVECTOR-01.jpg?fit=567%2C567&ssl=1\" \/>\n\t<meta property=\"og:image:width\" content=\"567\" \/>\n\t<meta property=\"og:image:height\" content=\"567\" \/>\n\t<meta property=\"og:image:type\" content=\"image\/jpeg\" \/>\n<meta name=\"twitter:card\" content=\"summary_large_image\" \/>\n<script type=\"application\/ld+json\" class=\"yoast-schema-graph\">{\"@context\":\"https:\\\/\\\/schema.org\",\"@graph\":[{\"@type\":\"WebPage\",\"@id\":\"https:\\\/\\\/ivector.xyz\\\/vectores\\\/producto\\\/suscripcion-1-mes\\\/\",\"url\":\"https:\\\/\\\/ivector.xyz\\\/vectores\\\/producto\\\/suscripcion-1-mes\\\/\",\"name\":\"SUSCRIPCI\u00d3N 1 MES - Ivector Plantillas\",\"isPartOf\":{\"@id\":\"https:\\\/\\\/ivector.xyz\\\/vectores\\\/#website\"},\"primaryImageOfPage\":{\"@id\":\"https:\\\/\\\/ivector.xyz\\\/vectores\\\/producto\\\/suscripcion-1-mes\\\/#primaryimage\"},\"image\":{\"@id\":\"https:\\\/\\\/ivector.xyz\\\/vectores\\\/producto\\\/suscripcion-1-mes\\\/#primaryimage\"},\"thumbnailUrl\":\"https:\\\/\\\/i0.wp.com\\\/ivector.xyz\\\/vectores\\\/wp-content\\\/uploads\\\/SUSCRUP_IVECTOR-01.jpg?fit=567%2C567&ssl=1\",\"datePublished\":\"2024-07-05T19:02:36+00:00\",\"dateModified\":\"2024-07-05T20:50:03+00:00\",\"breadcrumb\":{\"@id\":\"https:\\\/\\\/ivector.xyz\\\/vectores\\\/producto\\\/suscripcion-1-mes\\\/#breadcrumb\"},\"inLanguage\":\"es\",\"potentialAction\":[{\"@type\":\"ReadAction\",\"target\":[\"https:\\\/\\\/ivector.xyz\\\/vectores\\\/producto\\\/suscripcion-1-mes\\\/\"]}]},{\"@type\":\"ImageObject\",\"inLanguage\":\"es\",\"@id\":\"https:\\\/\\\/ivector.xyz\\\/vectores\\\/producto\\\/suscripcion-1-mes\\\/#primaryimage\",\"url\":\"https:\\\/\\\/i0.wp.com\\\/ivector.xyz\\\/vectores\\\/wp-content\\\/uploads\\\/SUSCRUP_IVECTOR-01.jpg?fit=567%2C567&ssl=1\",\"contentUrl\":\"https:\\\/\\\/i0.wp.com\\\/ivector.xyz\\\/vectores\\\/wp-content\\\/uploads\\\/SUSCRUP_IVECTOR-01.jpg?fit=567%2C567&ssl=1\",\"width\":567,\"height\":567},{\"@type\":\"BreadcrumbList\",\"@id\":\"https:\\\/\\\/ivector.xyz\\\/vectores\\\/producto\\\/suscripcion-1-mes\\\/#breadcrumb\",\"itemListElement\":[{\"@type\":\"ListItem\",\"position\":1,\"name\":\"Portada\",\"item\":\"https:\\\/\\\/ivector.xyz\\\/vectores\\\/\"},{\"@type\":\"ListItem\",\"position\":2,\"name\":\"Tienda\",\"item\":\"https:\\\/\\\/ivector.xyz\\\/vectores\\\/tienda\\\/\"},{\"@type\":\"ListItem\",\"position\":3,\"name\":\"SUSCRIPCI\u00d3N 1 MES\"}]},{\"@type\":\"WebSite\",\"@id\":\"https:\\\/\\\/ivector.xyz\\\/vectores\\\/#website\",\"url\":\"https:\\\/\\\/ivector.xyz\\\/vectores\\\/\",\"name\":\"Vectores, plantillas y recursos premium\",\"description\":\"Pack de vectores, dise\u00f1os y Plantillas para dtf, impresi\u00f3n, corte vinil y estampados\",\"publisher\":{\"@id\":\"https:\\\/\\\/ivector.xyz\\\/vectores\\\/#organization\"},\"alternateName\":\"ivector xyz\",\"potentialAction\":[{\"@type\":\"SearchAction\",\"target\":{\"@type\":\"EntryPoint\",\"urlTemplate\":\"https:\\\/\\\/ivector.xyz\\\/vectores\\\/?s={search_term_string}\"},\"query-input\":{\"@type\":\"PropertyValueSpecification\",\"valueRequired\":true,\"valueName\":\"search_term_string\"}}],\"inLanguage\":\"es\"},{\"@type\":\"Organization\",\"@id\":\"https:\\\/\\\/ivector.xyz\\\/vectores\\\/#organization\",\"name\":\"Ivector xyz\",\"alternateName\":\"Dise\u00f1ador de vectores\",\"url\":\"https:\\\/\\\/ivector.xyz\\\/vectores\\\/\",\"logo\":{\"@type\":\"ImageObject\",\"inLanguage\":\"es\",\"@id\":\"https:\\\/\\\/ivector.xyz\\\/vectores\\\/#\\\/schema\\\/logo\\\/image\\\/\",\"url\":\"https:\\\/\\\/i0.wp.com\\\/ivector.xyz\\\/vectores\\\/wp-content\\\/uploads\\\/2020\\\/05\\\/cropped-cropped-ivector-logo-01-e1668708926252-1.png?fit=190%2C190&ssl=1\",\"contentUrl\":\"https:\\\/\\\/i0.wp.com\\\/ivector.xyz\\\/vectores\\\/wp-content\\\/uploads\\\/2020\\\/05\\\/cropped-cropped-ivector-logo-01-e1668708926252-1.png?fit=190%2C190&ssl=1\",\"width\":190,\"height\":190,\"caption\":\"Ivector xyz\"},\"image\":{\"@id\":\"https:\\\/\\\/ivector.xyz\\\/vectores\\\/#\\\/schema\\\/logo\\\/image\\\/\"},\"sameAs\":[\"https:\\\/\\\/www.facebook.com\\\/Ivector.online\",\"https:\\\/\\\/mx.pinterest.com\\\/wwwivectormx\"]}]}<\/script>\n<!-- \/ Yoast SEO plugin. -->","yoast_head_json":{"title":"SUSCRIPCI\u00d3N 1 MES - Ivector Plantillas","robots":{"index":"index","follow":"follow","max-snippet":"max-snippet:-1","max-image-preview":"max-image-preview:large","max-video-preview":"max-video-preview:-1"},"canonical":"https:\/\/ivector.xyz\/vectores\/producto\/suscripcion-1-mes\/","og_locale":"es_ES","og_type":"article","og_title":"SUSCRIPCI\u00d3N 1 MES - Ivector Plantillas","og_description":"Acceso a Todas las Descargas 90 D\u00edas de descargas ilimitadas Mockups La renovaci\u00f3n no es autom\u00e1tica Cualquier detalle env\u00edanos un whatsapp","og_url":"https:\/\/ivector.xyz\/vectores\/producto\/suscripcion-1-mes\/","og_site_name":"Ivector Plantillas","article_publisher":"https:\/\/www.facebook.com\/Ivector.online","article_modified_time":"2024-07-05T20:50:03+00:00","og_image":[{"width":567,"height":567,"url":"https:\/\/i0.wp.com\/ivector.xyz\/vectores\/wp-content\/uploads\/SUSCRUP_IVECTOR-01.jpg?fit=567%2C567&ssl=1","type":"image\/jpeg"}],"twitter_card":"summary_large_image","schema":{"@context":"https:\/\/schema.org","@graph":[{"@type":"WebPage","@id":"https:\/\/ivector.xyz\/vectores\/producto\/suscripcion-1-mes\/","url":"https:\/\/ivector.xyz\/vectores\/producto\/suscripcion-1-mes\/","name":"SUSCRIPCI\u00d3N 1 MES - Ivector Plantillas","isPartOf":{"@id":"https:\/\/ivector.xyz\/vectores\/#website"},"primaryImageOfPage":{"@id":"https:\/\/ivector.xyz\/vectores\/producto\/suscripcion-1-mes\/#primaryimage"},"image":{"@id":"https:\/\/ivector.xyz\/vectores\/producto\/suscripcion-1-mes\/#primaryimage"},"thumbnailUrl":"https:\/\/i0.wp.com\/ivector.xyz\/vectores\/wp-content\/uploads\/SUSCRUP_IVECTOR-01.jpg?fit=567%2C567&ssl=1","datePublished":"2024-07-05T19:02:36+00:00","dateModified":"2024-07-05T20:50:03+00:00","breadcrumb":{"@id":"https:\/\/ivector.xyz\/vectores\/producto\/suscripcion-1-mes\/#breadcrumb"},"inLanguage":"es","potentialAction":[{"@type":"ReadAction","target":["https:\/\/ivector.xyz\/vectores\/producto\/suscripcion-1-mes\/"]}]},{"@type":"ImageObject","inLanguage":"es","@id":"https:\/\/ivector.xyz\/vectores\/producto\/suscripcion-1-mes\/#primaryimage","url":"https:\/\/i0.wp.com\/ivector.xyz\/vectores\/wp-content\/uploads\/SUSCRUP_IVECTOR-01.jpg?fit=567%2C567&ssl=1","contentUrl":"https:\/\/i0.wp.com\/ivector.xyz\/vectores\/wp-content\/uploads\/SUSCRUP_IVECTOR-01.jpg?fit=567%2C567&ssl=1","width":567,"height":567},{"@type":"BreadcrumbList","@id":"https:\/\/ivector.xyz\/vectores\/producto\/suscripcion-1-mes\/#breadcrumb","itemListElement":[{"@type":"ListItem","position":1,"name":"Portada","item":"https:\/\/ivector.xyz\/vectores\/"},{"@type":"ListItem","position":2,"name":"Tienda","item":"https:\/\/ivector.xyz\/vectores\/tienda\/"},{"@type":"ListItem","position":3,"name":"SUSCRIPCI\u00d3N 1 MES"}]},{"@type":"WebSite","@id":"https:\/\/ivector.xyz\/vectores\/#website","url":"https:\/\/ivector.xyz\/vectores\/","name":"Vectores, plantillas y recursos premium","description":"Pack de vectores, dise\u00f1os y Plantillas para dtf, impresi\u00f3n, corte vinil y estampados","publisher":{"@id":"https:\/\/ivector.xyz\/vectores\/#organization"},"alternateName":"ivector xyz","potentialAction":[{"@type":"SearchAction","target":{"@type":"EntryPoint","urlTemplate":"https:\/\/ivector.xyz\/vectores\/?s={search_term_string}"},"query-input":{"@type":"PropertyValueSpecification","valueRequired":true,"valueName":"search_term_string"}}],"inLanguage":"es"},{"@type":"Organization","@id":"https:\/\/ivector.xyz\/vectores\/#organization","name":"Ivector xyz","alternateName":"Dise\u00f1ador de vectores","url":"https:\/\/ivector.xyz\/vectores\/","logo":{"@type":"ImageObject","inLanguage":"es","@id":"https:\/\/ivector.xyz\/vectores\/#\/schema\/logo\/image\/","url":"https:\/\/i0.wp.com\/ivector.xyz\/vectores\/wp-content\/uploads\/2020\/05\/cropped-cropped-ivector-logo-01-e1668708926252-1.png?fit=190%2C190&ssl=1","contentUrl":"https:\/\/i0.wp.com\/ivector.xyz\/vectores\/wp-content\/uploads\/2020\/05\/cropped-cropped-ivector-logo-01-e1668708926252-1.png?fit=190%2C190&ssl=1","width":190,"height":190,"caption":"Ivector xyz"},"image":{"@id":"https:\/\/ivector.xyz\/vectores\/#\/schema\/logo\/image\/"},"sameAs":["https:\/\/www.facebook.com\/Ivector.online","https:\/\/mx.pinterest.com\/wwwivectormx"]}]}},"jetpack_publicize_connections":[],"jetpack_sharing_enabled":true,"jetpack-related-posts":[{"id":28232,"url":"https:\/\/ivector.xyz\/vectores\/producto\/suscripcion-3-meses\/","url_meta":{"origin":28257,"position":0},"title":"SUSCRIPCI\u00d3N 3 MESES","author":"PP_4lme1D4","date":"5 de julio de 2024","format":false,"excerpt":"Acceso a Todas las Descargas 90 D\u00edas de descargas ilimitadas Mockups La renovaci\u00f3n no es autom\u00e1tica Cualquier detalle env\u00edanos un whatsapp","rel":"","context":"Entrada similar","block_context":{"text":"Entrada similar","link":""},"img":{"alt_text":"","src":"https:\/\/i0.wp.com\/ivector.xyz\/vectores\/wp-content\/uploads\/SUSCRUP_IVECTOR-02.jpg?fit=568%2C568&ssl=1&resize=350%2C200","width":350,"height":200,"srcset":"https:\/\/i0.wp.com\/ivector.xyz\/vectores\/wp-content\/uploads\/SUSCRUP_IVECTOR-02.jpg?fit=568%2C568&ssl=1&resize=350%2C200 1x, https:\/\/i0.wp.com\/ivector.xyz\/vectores\/wp-content\/uploads\/SUSCRUP_IVECTOR-02.jpg?fit=568%2C568&ssl=1&resize=525%2C300 1.5x"},"classes":[]},{"id":28254,"url":"https:\/\/ivector.xyz\/vectores\/producto\/suscripcion-6-meses\/","url_meta":{"origin":28257,"position":1},"title":"SUSCRIPCI\u00d3N 6 MESES","author":"PP_4lme1D4","date":"5 de julio de 2024","format":false,"excerpt":"Acceso a Todas las Descargas 90 D\u00edas de descargas ilimitadas Mockups La renovaci\u00f3n no es autom\u00e1tica Cualquier detalle env\u00edanos un whatsapp","rel":"","context":"Entrada similar","block_context":{"text":"Entrada similar","link":""},"img":{"alt_text":"","src":"https:\/\/i0.wp.com\/ivector.xyz\/vectores\/wp-content\/uploads\/SUSCRUP_IVECTOR-03.jpg?fit=568%2C567&ssl=1&resize=350%2C200","width":350,"height":200,"srcset":"https:\/\/i0.wp.com\/ivector.xyz\/vectores\/wp-content\/uploads\/SUSCRUP_IVECTOR-03.jpg?fit=568%2C567&ssl=1&resize=350%2C200 1x, https:\/\/i0.wp.com\/ivector.xyz\/vectores\/wp-content\/uploads\/SUSCRUP_IVECTOR-03.jpg?fit=568%2C567&ssl=1&resize=525%2C300 1.5x"},"classes":[]},{"id":28239,"url":"https:\/\/ivector.xyz\/vectores\/producto\/suscripcion-1-ano\/","url_meta":{"origin":28257,"position":2},"title":"SUSCRIPCI\u00d3N 1 A\u00d1O","author":"PP_4lme1D4","date":"5 de julio de 2024","format":false,"excerpt":"https:\/\/api.whatsapp.com\/send?phone=529934421537&text=Suscripci\u00f3n365","rel":"","context":"Entrada similar","block_context":{"text":"Entrada similar","link":""},"img":{"alt_text":"","src":"https:\/\/i0.wp.com\/ivector.xyz\/vectores\/wp-content\/uploads\/SUSCRUP_IVECTOR-04.jpg?fit=568%2C568&ssl=1&resize=350%2C200","width":350,"height":200,"srcset":"https:\/\/i0.wp.com\/ivector.xyz\/vectores\/wp-content\/uploads\/SUSCRUP_IVECTOR-04.jpg?fit=568%2C568&ssl=1&resize=350%2C200 1x, https:\/\/i0.wp.com\/ivector.xyz\/vectores\/wp-content\/uploads\/SUSCRUP_IVECTOR-04.jpg?fit=568%2C568&ssl=1&resize=525%2C300 1.5x"},"classes":[]}],"_links":{"self":[{"href":"https:\/\/ivector.xyz\/vectores\/wp-json\/wp\/v2\/product\/28257","targetHints":{"allow":["GET"]}}],"collection":[{"href":"https:\/\/ivector.xyz\/vectores\/wp-json\/wp\/v2\/product"}],"about":[{"href":"https:\/\/ivector.xyz\/vectores\/wp-json\/wp\/v2\/types\/product"}],"replies":[{"embeddable":true,"href":"https:\/\/ivector.xyz\/vectores\/wp-json\/wp\/v2\/comments?post=28257"}],"wp:featuredmedia":[{"embeddable":true,"href":"https:\/\/ivector.xyz\/vectores\/wp-json\/wp\/v2\/media\/28250"}],"wp:attachment":[{"href":"https:\/\/ivector.xyz\/vectores\/wp-json\/wp\/v2\/media?parent=28257"}],"wp:term":[{"taxonomy":"product_brand","embeddable":true,"href":"https:\/\/ivector.xyz\/vectores\/wp-json\/wp\/v2\/product_brand?post=28257"},{"taxonomy":"product_cat","embeddable":true,"href":"https:\/\/ivector.xyz\/vectores\/wp-json\/wp\/v2\/product_cat?post=28257"},{"taxonomy":"product_tag","embeddable":true,"href":"https:\/\/ivector.xyz\/vectores\/wp-json\/wp\/v2\/product_tag?post=28257"}],"curies":[{"name":"wp","href":"https:\/\/api.w.org\/{rel}","templated":true}]}}